culate the highest common factor of y and d.
3
Suppose -423 = -4*a - 27. What is the greatest common factor of 9 and a?
9
Let u be (-2 - -2)*(-2)/4. Suppose 3*s = -u*s + 75. Suppose -d - 4*d = -s. What is the highest common factor of 35 and d?
5
Suppose 3*p + 5*p - 64 = 0. Let s(d) = -d**2 + 5*d - 2. Let c be s(3). Calculate the greatest common factor of p and c.
4
Let n be (-4)/6 + 224/12. Suppose -10 = 2*c - 7*c. Calculate the highest common divisor of n and c.
2
Suppose 3*u - 5*d = 81, -3*u - 3*d = -52 - 5. Calculate the greatest common divisor of 22 and u.
22
Suppose 0*p - 2*v + 18 = 4*p, 4*p + v - 13 = 0. What is the greatest common factor of p and 10?
2
Let r = 8 - -2. Calculate the greatest common divisor of r and 90.
10
Suppose -a + 2*y = -0*y - 7, 0 = 2*a + y - 34. Let u = 19 - a. Calculate the greatest common factor of 36 and u.
4
Let q be (-4)/(-18) + 160/9. Let f = 2 - -1. Suppose 2*i + 2*r + f*r - 29 = 0, -i + 5*r + 52 = 0. Calculate the highest common divisor of i and q.
9
Let h(f) = -f**3 - 8*f**2 - 9*f + 4. Let w be h(-7). Let b(l) = -2*l + 2. Let z be b(-5). What is the greatest common divisor of z and w?
6
Suppose -5*z + 44 = 2*x, 2*z - 18 = -2*x + x. Suppose 1 = a - 0*a. What is the highest common factor of a and z?
1
Let p(a) = -a + 6*a**2 - 4*a - 2*a - 2*a - 8 + a**3. Let t be p(-7). Calculate the highest common divisor of t and 3.
3
Let i be 3*(3 + (-8 - -3)). Let o be i/(-18)*(0 + 1491). Suppose 0*b = -5*f + 3*b + o, 5*f - 496 = 4*b. What is the highest common factor of 10 and f?
10
Suppose 0 = 3*a + 136 - 421. Let d = a - 55. What is the greatest common divisor of d and 8?
8
Let l = -2 + 14. Let w(r) = 2*r**2 + 5*r - 9. Let g be w(-9). What is the greatest common divisor of g and l?
12
Let v(h) = -h**3 + 0*h + 4*h + h**2 - 6*h**2 - 1. Let x be v(-6). Suppose -3*w = -w + 5*n - 93, 0 = -n + 1. Calculate the highest common factor of x and w.
11
Let h = 59 + -19. Suppose -2*d - 3*g = 32 - 96, 128 = 4*d + 5*g. Suppose -5*a + d = -2*v, -2*a - 2*v = -0*v - 24. What is the highest common factor of a and h?
8
Suppose 20 = 5*h, -4*z + 3*h = -2*h + 4. Let l = 0 + z. What is the highest common divisor of l and 6?
2
Let v be ((-32)/40)/((-2)/45). Calculate the highest common factor of 90 and v.
18
Suppose -5*z - 1 = 4*g - 3*g, -z - 9 = -2*g. Suppose g*t - 542 = 5*r, 127 = t + r + 2*r. Calculate the greatest common factor of t and 19.
19
Let o = -1 - 14. Let j be ((-162)/o)/(6/80). What is the greatest common divisor of j and 16?
16
Let n(g) = 2*g - 2. Let s = -10 + 13. Let w be n(s). Calculate the greatest common divisor of w and 44.
4
Let y(l) = -l**3 - 9*l**2 - 11*l. Let o be y(-8). Let n be o*-4*(-1)/6. What is the highest common factor of n and 16?
16
Suppose 5*q + 16 = -5*k + q, -4*q - 16 = 0. Let v be (3 - k)*4/6. Calculate the greatest common divisor of v and 1.
1
Suppose 0 = w + w - f - 542, 5*w - 1350 = 5*f. What is the highest common divisor of 34 and w?
34
Suppose 4*y = -4*l + 112, 2*l - 7*l - 20 = 0. Let i = y - -3. Let d = 20 + -15. Calculate the greatest common divisor of d and i.
5
Let w(n) = n + 30. Let m be w(12). What is the highest common factor of m and 6?
6
Let c = 3 - 6. Let n be -1 - c/(6/8). Let h = n + 4. Calculate the greatest common factor of h and 63.
7
Let x(o) = o**2 - o + 6. Let i = -10 - -5. Let q be x(i). Suppose 108 - q = 2*k. What is the greatest common factor of k and 12?
12
Suppose 2*v = 3 - 1. Let h be 0 - (v*-2 - 10). Calculate the greatest common factor of 8 and h.
4
Let p = -6 - -9. Suppose 4*k = -2*x + 74, -4*k + 2*x = p*x - 79. What is the highest common factor of 3 and k?
3
Let q be ((-4)/(-2))/((-3)/(-6)). Let n be (-35)/((-2)/q + 0). What is the highest common divisor of 28 and n?
14
Suppose -2*q - q = 0. Suppose 0 = -n + 11 - q. What is the greatest common divisor of 77 and n?
11
Let w = 15 - 9. Let i = 141 - 303. Let q be i/4*20/(-15). Calculate the highest common factor of w and q.
6
Suppose 5*j = -5*h + 65, -4*h + 53 = 5*j - 2*j. Let y(p) = p**3 + 10*p**2 - 2*p + 1. Let r be y(-10). Calculate the highest common factor of h and r.
7
Suppose 157 = m - 293. Suppose -8*h + m = -3*h. What is the greatest common divisor of h and 10?
10
Let q = 29 + -14. What is the greatest common factor of q and 30?
15
Let z = 98 - 38. Let c(r) = 5*r - 78. Let f be c(18). Calculate the highest common factor of f and z.
12
Let x be (-2)/11 + (-68)/(-11). Let o be -2 - (-2 + 0 - 0). Suppose o*m - 120 = -4*m. Calculate the highest common factor of x and m.
6
Let v(w) = w**3 - 4*w**2 - 4*w - 2. Let c be v(5). Suppose -2*n - 5*z + 44 = 0, 8*z + 37 = n + 3*z. Calculate the greatest common factor of n and c.
3
Suppose -3*h + 87 + 102 = 0. Suppose 0 = 8*r - 30 - 26. What is the greatest common factor of r and h?
7
Let v be (-456)/(-33) + (-10)/(-55). Calculate the greatest common divisor of 28 and v.
14
Suppose -2*p = -91 + 1. Let f = p - -9. Calculate the highest common divisor of f and 6.
6
Let i = -18 + 24. What is the highest common divisor of 2 and i?
2
Suppose 2*r = -x + 4*x - 342, 0 = -2*r - 6. Calculate the greatest common divisor of 168 and x.
56
Let r(n) = -5 + n - 2*n + 5*n + 4. Let u be r(3). What is the highest common factor of u and 77?
11
Suppose 10 + 15 = 5*m. Let p = 5 - m. Suppose p = 3*x + 2*z - 23 - 2, 4*x - 37 = z. Calculate the highest common factor of x and 9.
9
Let x be (-1)/(1 - (-6)/(-5)). Suppose -x*b = 2*w - 0*b + 9, -5*b = -2*w + 1. Let p be (-11)/(-2)*w/(-1). Calculate the greatest common divisor of p and 11.
11
Suppose -8*z + 9*z - 27 = 0. Calculate the highest common divisor of 81 and z.
27
Suppose 2*k = 4*k - 60. What is the highest common divisor of 12 and k?
6
Let l = -50 - -65. Calculate the highest common factor of l and 15.
15
Let t(s) = s - 12. Let o be t(10). Let w be 63 + -1*(o - -2). Calculate the highest common divisor of w and 7.
7
Let p be ((-90)/(-15))/(3/10). Calculate the highest common divisor of p and 40.
20
Let n be (-1 + -6 + 2)/(11/(-110)). Calculate the highest common divisor of n and 10.
10
Let i be 2/(-6) + 50/6. Suppose -3*g - 56 + 248 = 0. Calculate the greatest common factor of g and i.
8
Suppose 0 = v + v + 30. Let n = v - -21. What is the greatest common factor of n and 2?
2
Let j(d) = d**3 + d**2 + 24. Let f be j(0). Suppose 4*a - 48 = 3*b, 2*a - 24 = -15*b + 13*b. What is the highest common factor of a and f?
12
Let i(c) = -c**3 - 3*c**2 + 2*c - 6. Let p be i(-4). Calculate the highest common divisor of 1 and p.
1
Suppose -h + 22 = 4*s, -h + 11 = -s - 6. Let m(y) = 22*y**2 + y - 3. Let b be m(3). What is the greatest common factor of b and h?
18
Let g be (-1)/(1/(-5)*-1). Let j = g + 6. What is the greatest common divisor of 9 and j?
1
Let f = 16 + -10. Let b = 9 - 5. Suppose -5*l = -b*j - 22, -4*l = j - 6*j - 14. Calculate the greatest common factor of l and f.
6
Suppose 0*c = l + 2*c - 50, -2*l - 3*c = -96. Calculate the greatest common factor of l and 105.
21
Let k be (4/4 - 2)*5*-27. What is the greatest common factor of 54 and k?
27
Suppose 0*p = 3*p - 504. Let r(o) = 2*o**3 + 2*o**2 - 3*o + 3. Let i be r(2). What is the highest common factor of p and i?
21
Suppose -z + 4*j - 16 = 0, -1 - 57 = 2*z + 5*j. Let r = 46 + z. What is the greatest common factor of 22 and r?
22
Let b(y) = -y + 51. Let k be b(0). Let i be (-6)/((-9)/6 + 3). Let t = i - -21. What is the highest common divisor of k and t?
17
Let w(g) = -3*g + 77. Let u(s) = s. Let q(c) = 2*u(c) + w(c). Let t be q(0). What is the greatest common divisor of t and 7?
7
Suppose -7*n + 6*n + 70 = 0. Suppose 3 = 3*l, 3*t + 2 = 4*l - 2. Suppose -p - 51 = -2*s, t = 5*p - 5 - 20. What is the highest common divisor of s and n?
14
Suppose d = i - 3, d - 14 = -5*i + 13. Let l(u) = u - 1. Let k be l(5). Calculate the highest common factor of k and d.
2
Let m = 93 - 58. Let w be (1 - 2)/((-3)/21). Suppose 0 = -0*k - k + w. What is the highest common factor of k and m?
7
Suppose -2*u + 150 = -0*u. What is the highest common factor of 50 and u?
25
Suppose -4*z + z - 3*h + 33 = 0, -2*h + 2 = 0. What is the highest common divisor of 100 and z?
10
Let g be 37/3 - 3/9. Calculate the greatest common factor of g and 132.
12
Let r = 4 + 71. Suppose 0 = 2*z - 4 - 26. Calculate the highest common factor of z a